q = -1031 + 2950. What is the tens digit of q?
1
Suppose 4*x + 28 = 2*w + 2*w, -3 = x. Suppose 6 = w*m - 2. Suppose -4*o + 94 = -2*u, -5*u + 0 = -m*o + 51. What is the tens digit of o?
2
Let n = 2893 + -472. What is the tens digit of n?
2
Let b(c) = 11*c - 30. Let w(y) = -1. Let x(o) = -2*b(o) - 6*w(o). What is the tens digit of x(-6)?
9
Let m be (-5)/5*0 - -48. Suppose 0 = 2*r + t - m, 0 = 5*r + 2*t - 148 + 27. What is the tens digit of r?
2
Suppose -12*z + 93 = -3. Let v be (4 - -1) + (-2)/2. What is the tens digit of 450/z - v/16?
5
Let i = -87 - -92. What is the tens digit of 126 + (7 - i)*(-4)/(-2)?
3
Let a be -3 - (-16)/(-12) - (-6)/18. What is the units digit of (80/3 - 2)*a*-3?
6
Let d = 169 - 113. Suppose -132 = -4*c - 4*p, d = c + c - 3*p. Suppose -5*n + c = -4*n. What is the tens digit of n?
3
Let u(y) be the third derivative of -3*y**4/8 - 3*y**3/2 + 2*y**2. Suppose 0*b = b + 7. What is the tens digit of u(b)?
5
Let f = 172 + 19. Suppose -f = -5*b + 64. Suppose 4*j - 9 = b. What is the tens digit of j?
1
Let b(t) = 16*t - 14. Let h be b(9). Let f = -41 + h. What is the units digit of f?
9
Suppose 2*x = 157 - 49. Suppose x*j - 58*j = -236. What is the units digit of j?
9
Let k(v) = 3*v**2 + 6*v + 22. Let z be 1/((4 + (1 - 6))/3). What is the units digit of k(z)?
1
Let g(p) = p**3 + 17*p**2 + 27*p - 7. What is the hundreds digit of g(-14)?
2
Suppose 49*z - 4356 = 37*z. What is the units digit of z?
3
Let v(j) = -3*j - 1. Let x be v(9). Let t(o) = o**2 + o + 6. Let k be t(-7). Let l = x + k. What is the tens digit of l?
2
Let j = -23 - -26. Suppose -s - 153 = -j*q - q, -3*q - 3*s + 96 = 0. What is the tens digit of q?
3
Suppose -13*x + 7*x + 18 = 0. Suppose -j + x*j = 2*n + 478, 3*j = 4*n + 713. What is the tens digit of j?
4
Suppose 1360 + 412 = 4*o. What is the units digit of o?
3
Suppose 3*n + n = 3*b + 53, -4*n = b - 57. Let r = -14 + n. Let s(m) = m**2 + 2*m + 7. What is the units digit of s(r)?
7
Suppose -6*z = -13*z - 84. What is the units digit of (270/z)/(3/(-4))?
0
Suppose -2*q + 3 = q. Let h be (-1)/(9/12 - q). Suppose -h*s = -78 - 6. What is the tens digit of s?
2
What is the tens digit of (-4)/(-7)*903/6?
8
What is the tens digit of (-22 + 24 - 1)*(2733 - 1)?
3
Let r(b) = 2*b**2 + 9*b - 5. What is the hundreds digit of r(-10)?
1
Let n(s) = -4*s - 7. Let r(m) = m**2 + 4*m - 2. Let f be r(-5). Suppose -22 = 4*p + f*j, 0*p + 2*p + 4 = 2*j. What is the units digit of n(p)?
9
Let p(k) = -13*k - 241. Let u be p(-19). Let h(r) be the second derivative of -r**4/12 + 7*r**3/6 + 2*r**2 + r. What is the tens digit of h(u)?
1
Let v(c) = 62*c**2 - 8*c - 2. What is the thousands digit of v(-6)?
2
Let y(n) = 2*n - 4. Let k be y(2). What is the hundreds digit of (k - (-4 - 0))*(-402)/(-12)?
1
Suppose 20 = o - 0. Let x be ((-12)/(-10))/(13/65) + 1. Suppose 0 = x*m - 2*m - o. What is the units digit of m?
4
Let g = 13 - 10. Suppose -g*h + 18 = -3. What is the units digit of h?
7
Suppose 51 = -2*m + 55. Let l(g) = -6*g - 8*g**m - 3 + 4*g + g**3 + 11*g. What is the units digit of l(8)?
9
Let o(y) = 0 + y - 5 + 0*y + 0*y. Let w be o(8). Suppose -h - 3*g = -13, 0 = -w*h + 2*h - g + 9. What is the units digit of h?
7
Suppose -1409 = -5*c + 3*s, 3*c - 334 = -s + 503. Let h = 470 - c. What is the tens digit of h?
9
Let q be (16/6)/((-6)/(-9)) - -7745. What is the hundreds digit of q/28 + 3/12?
2
Suppose 4 = -4*f, -4*f - 7 = 5*j - 2*f. What is the tens digit of 4 + j + 29 + -3?
2
Suppose -13*j = -8*j - 5*p - 2370, 5*j + 3*p - 2346 = 0. What is the hundreds digit of j?
4
Let h be (3 - 1) + -1 - -2. Let u be 50/15 + 2/h. Suppose -u*m = -a - 2*m + 2, 2*m = 0. What is the units digit of a?
2
Suppose 865 + 3011 = 6*i. What is the units digit of i?
6
Let n be -2*2*(-7)/(-28). Let x be -5 - n - (4 - 140). Let b = -57 + x. What is the tens digit of b?
7
Suppose 4*a + 10 = 66. Let w be (-2 + 10)/(2/4). Suppose -3*k + w = -a. What is the tens digit of k?
1
Let d be 5/((-5)/(-8)) + -4. Suppose 10 = 2*x - d*v + 2*v, -6 = 3*x + 4*v. What is the units digit of 3*29/6*x?
9
Let o(g) be the second derivative of g**5/20 - g**4/12 + 6*g**2 - 6*g. Let i be o(0). What is the units digit of i*((-5)/3 - -2)?
4
Suppose 126669 = 59*x + 13625. What is the thousands digit of x?
1
Suppose -2*f = -7*f - 25. Let d(h) = -h + 17. Let i be d(f). Suppose -82 = -5*q - 4*a - 22, 0 = -2*q - 2*a + i. What is the tens digit of q?
1
Let o(x) = 2*x**2 + 12*x. Let u be o(-6). Suppose 5*a + z = -u*a + 18, 5*a = -3*z + 14. Let q(p) = 11*p - 6. What is the tens digit of q(a)?
3
What is the units digit of 6 + 992 + -1 + 6?
3
Let n(r) = 2*r**2 - 8*r + 5. Suppose q = -h + 12, 4*q - 2*h = 3*h + 57. Let o = q - 8. What is the units digit of n(o)?
5
Let c = 77 - 82. What is the tens digit of ((-282)/42 - c)/((-2)/49)?
4
Let w(q) = -31*q + 10. What is the hundreds digit of w(-39)?
2
Let o(t) = -t**3 + 12*t**2 + 13*t + 2. Let n be o(13). What is the units digit of n*-1 - (-37 - 12)?
7
Suppose -d + 1058 = -5*j - 374, 0 = 4*j - 2*d + 1142. What is the tens digit of (-827)/(-7) + 41/j?
1
Suppose 2880 = -0*a + 8*a. Suppose a = 7*d - 88. What is the tens digit of d?
6
Let h be (-1 + -2)*1 + -28. Let b = -28 - h. Suppose 12 - 69 = -b*y. What is the tens digit of y?
1
Suppose 5*x + 75 = 370. What is the units digit of x?
9
Let k(a) = -10 - 3*a + 2*a + 17*a**2 + 14 - a. What is the tens digit of k(-3)?
6
Let f(o) = -3*o - 18. Let a be f(-8). Let w = a - -12. What is the units digit of w?
8
Let h be 0/((-1)/2 + (-17)/34). Suppose 0 = 2*k + 1 - 5. Suppose h = -k*x - 29 + 127. What is the tens digit of x?
4
Suppose 5*n = -7*f + 6*f + 907, 5*f - 4615 = -5*n. What is the units digit of f?
7
Suppose 3*t + 4*g - 280 = 0, 0 = t + 3*g - 67 - 23. Suppose s = 3*x - 93, -3*x + 3*s = s - t. What is the units digit of x?
0
Let r(x) = 15*x + 299. What is the units digit of r(0)?
9
Let d(s) = -s**3 + 2*s**2. Let b be d(2). Suppose b = -6*y + 341 + 103. What is the units digit of y?
4
Let y be 1/2*(2 + (-272)/8). What is the units digit of (-18 - y)/((-2)/124)?
4
Suppose 135 = s - 955. What is the units digit of s?
0
Let f = -593 - -1002. What is the units digit of f?
9
Let p(w) = -w**3 - 8*w**2 + 3*w - 11. Let z = 18 - 27. What is the units digit of p(z)?
3
Let p = 815 + -204. What is the units digit of p?
1
Let c(a) = 15 - 20 - a**2 + 14 - 22*a. What is the tens digit of c(-11)?
3
Let h(j) = -j**3 + 3*j**2 - 2*j - 3. Let z be h(3). Let v(g) = -13*g - 27. What is the tens digit of v(z)?
9
Let i = 607 + -33. Suppose 4*s - 2*s - i = 0. What is the tens digit of s?
8
Let v = 111 - 65. Suppose 0 = 3*o - v - 275. What is the units digit of o?
7
Let b = 4523 - 2641. What is the tens digit of b?
8
What is the units digit of 7 - ((-5550)/3 - 9)?
6
Suppose -l + 4*p - 16 = 0, -6*l + l + p + 15 = 0. Suppose d - 334 = -l*a - 4*d, 0 = -3*a - d + 256. What is the units digit of a?
6
Suppose 75*w - 402276 = -9*w. What is the thousands digit of w?
4
Let c(b) = -b**3 + 5*b**2 + 8*b - 2. Let u be c(6). Let k(j) = 2*j + 33. What is the units digit of k(u)?
3
Suppose -1980 = -83*r + 79*r. What is the units digit of r?
5
Let t(l) = -3*l + 2. Suppose 5*s + 4*j = 176, 5*j = 5*s + j - 144. Suppose -5*q = 4*w + s, -q = -0*q - w + 10. What is the units digit of t(q)?
6
Let b(s) = -57*s - 5*s - 34 - 2*s + 23*s. What is the tens digit of b(-6)?
1
Suppose 119*l - 123*l = -584. What is the tens digit of l?
4
Suppose -5*d = -x - 14661, -2*d = -7*d - 2*x + 14673. What is the hundreds digit of d?
9
Let r(p) = -p**3 - 10*p**2 + 21*p + 19. What is the hundreds digit of r(-14)?
5
Let u be 40/((2 - 3)*1*-1). Let g = 130 - u. What is the units digit of g?
0
Let s(c) = -c**3 - 10*c**2 - c + 2. Let a be s(-11). Suppose -10 = -2*u, 20 = -2*z + 4*u + a. What is the units digit of z?
7
What is the units digit of ((-9)/(-2))/(27/3150)?
5
Let c(m) = -m**2 + m - 1. Let r be c(2). Let x be (1 + (r - -5))*-17. Let u = -35 - x. What is the units digit of u?
6
Let x = 16 - 0. Suppose -2*v + 102 + x = 0. What is the units digit of v?
9
Let w(l) = -l**2 - 9*l + 8. Let k be w(-9). Suppose -2*s = k, 2*z = -2*z + 2*s + 2252. What is the tens digit of z/27 + 2/9?
2
Suppose 15 = 2*p - 9. Suppose 0 = 23*o - 19*o + p. What is the units digit of o - (8/4 - 61)?
6
Let m = 20 + 